a) = 4*c(a) + q(a). What are the prime factors of m(4)?
2, 7
Suppose 54 - 210 = -6*i. What are the prime factors of i?
2, 13
Suppose 8*a - 186 = 6*a. List the prime factors of a.
3, 31
Let d(v) = -5 - 3 + 4 + v**2 - 6*v. Let n be d(6). List the prime factors of 7/(-4)*(0 + n).
7
Let g = -2 + 2. Suppose -4*v + g*o + o + 57 = 0, 0 = v - 2*o - 23. Let d = 3 + v. What are the prime factors of d?
2
Let x(g) = 2*g**3 - 5*g**2 + 4*g - 2. What are the prime factors of x(2)?
2
Suppose 2 = -l + 6. Let z be 186/l*4/(-6). Let b = 43 + z. What are the prime factors of b?
2, 3
Let b = -10 + 25. What are the prime factors of b?
3, 5
Let d = 96 + -93. List the prime factors of d.
3
Suppose -2*m - 13 = -4*s - 5, -2*s = -4*m + 8. Suppose 0 = -4*o - s + 24. Suppose o*n = -0*n + 85. List the prime factors of n.
17
Suppose -4*g = -9*g + 40. List the prime factors of g.
2
Let t(k) = -k**3 - 9*k**2 - 7*k + 3. Let l be t(-8). Let h(v) = v**2 - 2*v - 2. List the prime factors of h(l).
3, 11
Let n(k) = 2*k**2 + 3*k. Suppose -3*a = -0*j + 2*j + 7, 4*a + j = -11. What are the prime factors of n(a)?
3
Suppose -4*c = -5*c + 135. Suppose 3*p + 2*p - c = 0. What are the prime factors of p?
3
Let s(u) be the second derivative of -7*u**5/4 + u**4/12 - u**2/2 - 7*u. List the prime factors of s(-1).
5, 7
Let y(a) = -a - 2. Let r(w) = w + 2. Let z be r(-6). Let x(v) = v**2 + 7*v + 5. Let n be x(z). What are the prime factors of y(n)?
5
What are the prime factors of 1/(-1)*(19 + -1)/(-2)?
3
Let h(r) = -22*r + 5. Let x be h(-4). Suppose -93 = -3*t - 4*u + 4, 3*t + 3*u = x. What are the prime factors of t?
3
Let o(n) = -n**2 + 10*n - 2. Let x be o(10). Let h = x - -2. List the prime factors of (8/(-4))/(-1 + h).
2
Suppose 3*n - 5*n + 30 = 0. Suppose f = -0*f + n. List the prime factors of f.
3, 5
Suppose 36 = n - 86. Suppose -3*x + 115 = -5*v, 3*x + v + v = n. List the prime factors of x.
2, 5
Let q(z) = -z**3 + 7*z**2 + 12*z - 12. List the prime factors of q(8).
2, 5
Suppose 3*j - 4*i - 17 = 0, -2*j - 4*i - 22 = -0*i. Let p be 44 - j/((-2)/4). Suppose p = 4*l - 3*u, u + 32 = 4*l + 3*u. List the prime factors of l.
3
Let t(p) = 9*p**2 - 1. List the prime factors of t(-1).
2
Let p(f) = 11 + 0*f + 18 - 9 - f. What are the prime factors of p(-9)?
29
Let t = -4 - 0. List the prime factors of (0 - t)*(-35)/(-20).
7
Let k be 1*9/12*4. Let y(a) = -2*a**3 - 2*a + 4 + 1 + 4*a**3 + 4*a**2 - a**k. What are the prime factors of y(-4)?
13
Suppose -y = u - 38, -3*u - y + 90 = -6*y. Suppose u = 2*n - 17. What are the prime factors of n?
2, 13
Let y(p) = p**3 + 4*p**2 + 3*p - 3. Suppose 3*c = -5 - 4. Let z be y(c). Let u(t) = -t**2 - 4*t + 1. List the prime factors of u(z).
2
Let h(g) = -g. Let a be h(-6). Let q be 2 + 4/a*-3. Suppose u - 5 + 0 = q. List the prime factors of u.
5
Suppose -15 = 3*h - 0*h. Let f = -4 - h. List the prime factors of f/((-1*2)/(-22)).
11
Let c = -96 + 157. List the prime factors of c.
61
Suppose -17 = -5*h - 2. Let q be 1 - (h + -30 + -3). Let d = q + -16. List the prime factors of d.
3, 5
Suppose 6*u - 3*u - 18 = 0. Suppose 0 = -3*r - 4*h + 3*h + 2, -3*h = -u. Suppose 3*z - 1 - 20 = r. What are the prime factors of z?
7
What are the prime factors of (25/(-5))/(-15) - 124/(-6)?
3, 7
Let q(y) = -y**3 - 5 + 11 + 3 + 7*y - 5*y**2. Let i be q(-6). Suppose 0 = 4*g - i*g - 10. What are the prime factors of g?
2, 5
Let p be 62/14 - 3/7. Suppose -6*q + 4*c - 6 = -5*q, -2 = 3*q - p*c. List the prime factors of q.
2
Suppose 2*f - 7*f + 15 = 0. Let o(j) = -j**3 + 5*j**2 + 2*j - 7. Let z be o(5). Suppose -x - 2 = -3*a, 4*a - f*a = z. List the prime factors of x.
7
Let t = 4 - 2. Let m = 3 + 1. Suppose z = m + t. List the prime factors of z.
2, 3
Let n(y) = 4*y**2 - y - 4. What are the prime factors of n(2)?
2, 5
Let v(l) be the first derivative of 5*l**3/3 - 3*l**2/2 - 4. List the prime factors of v(2).
2, 7
Let m(a) be the second derivative of -3*a**3/2 - a**2/2 + 2*a. Let g be m(-5). Suppose 0 = -5*k - 14 + g. List the prime factors of k.
2, 3
Let h = 3 - 1. Suppose o + 9 - h = 0. Let d = o + 12. What are the prime factors of d?
5
Let i = 7 + -5. Let f be (-2 - 2) + 2 - -14. What are the prime factors of (-2 - (i + -2)) + f?
2, 5
Suppose d = -4*d - b + 32, 0 = 5*b - 10. What are the prime factors of 0 - (-33)/d*2?
11
Suppose 4*l - 17 = 7. Let d(t) = 2*t**2 - 9*t + 2. What are the prime factors of d(l)?
2, 5
Suppose -2 = m - 22. Suppose 0 = -4*v - v + m. List the prime factors of v.
2
Let y = 2 - 2. Let j be (1 + 3)/(2 + 0). Let k = j - y. What are the prime factors of k?
2
Let i(o) = o**3 - o + 2. What are the prime factors of i(4)?
2, 31
Let r(u) = 31*u - 2*u - 3*u + 2 + 5*u. List the prime factors of r(1).
3, 11
Suppose -5*u - 108 + 398 = 4*f, 5*u = -2*f + 280. What are the prime factors of u?
2, 3
Suppose -4*i - 3*g = -6*i - 17, 2*i = 5*g - 27. Let o = i + -7. Let h = o + 15. List the prime factors of h.
7
Let c(g) = g**3 + 4*g**2 - g - 7. Let k = -4 + 0. Let j(h) = -h**3 - 5*h**2 + h + 8. Let d(i) = k*c(i) - 3*j(i). List the prime factors of d(0).
2
Let m(n) = -n**2 - 6*n + 1. Suppose -6 = -4*q - 26. List the prime factors of m(q).
2, 3
Let u(t) = 19*t - 2. List the prime factors of u(13).
5, 7
Let y = 49 - -80. Suppose -5*k + 106 = -y. What are the prime factors of k?
47
Let t = 8 + -5. Suppose -7*x = -t*x - 12. List the prime factors of x.
3
What are the prime factors of (-2)/(-10) + (-1242)/(-15)?
83
Let i(w) = -w**2 + w - 1. Let g be i(2). List the prime factors of g/12 + (-45)/(-4).
11
Let k(z) = z**2 - 4*z - 8. Let n be k(6). Suppose 3*s - 76 = -n*x + s, 4*x + 5*s - 64 = 0. What are the prime factors of x?
3, 7
Let s(g) be the second derivative of -g - 3*g**2 + 0 - 1/2*g**3. List the prime factors of s(-6).
2, 3
Let m(b) = b**2 + 5*b. Suppose -2*a - 5*p = -1 - 2, 2*a = 4*p - 24. Let c be m(a). Suppose g - c = 5. List the prime factors of g.
11
Let q = -256 + 492. List the prime factors of q.
2, 59
Suppose 0*f + 36 = 2*f. List the prime factors of f.
2, 3
Let t(k) = -k + 12. Let v be t(5). Let m(w) = -w**3 + 6*w**2 + 9*w - 8. List the prime factors of m(v).
2, 3
Let k(m) = 2*m + 12. What are the prime factors of k(11)?
2, 17
Let j = 68 - 41. What are the prime factors of j?
3
Suppose 2*n + n - 156 = 0. What are the prime factors of n?
2, 13
Let g = 9 - 13. Let h = 3 + g. What are the prime factors of 2/(21/18 + h)?
2, 3
Let l be 3/8 + (-750)/(-48). Suppose m - l = 4*r, -4*m + 0*r = r - 132. List the prime factors of m.
2
Let o(w) = w**3 + 9*w**2 - 12*w - 14. Suppose 2*m - x + 20 = 0, -5*m + 0*x = 5*x + 50. What are the prime factors of o(m)?
2, 3
Let h(b) = b + 6. Let y be h(-6). Suppose y*l + 3*l = 6. Suppose l = 4*j - 10. What are the prime factors of j?
3
Let j(w) = -w**2 + 3*w + 1. Let k be j(5). Let t be 3/k - 2/(-6). Suppose 2*f + 2*f - 16 = t, -4*r + 20 = -3*f. What are the prime factors of r?
2
Suppose 285 + 803 = 8*i. What are the prime factors of i?
2, 17
Suppose 4*k - 5*m - 732 = 0, 4*k + m - 724 = 4*m. What are the prime factors of k?
2, 89
List the prime factors of (-8100)/(-84) + 6/(-14).
2, 3
Let q(l) = -l**3 + 8*l**2 + l - 7. What are the prime factors of q(6)?
71
Let k(l) = l**2 + 4*l - 2. What are the prime factors of k(4)?
2, 3, 5
Let h = 228 + -146. List the prime factors of h.
2, 41
Suppose -3*g - g + 160 = 5*v, v - 46 = 2*g. What are the prime factors of v?
2, 3
Let l be (1/((-1)/4))/(-2). Let j be 5 - (-3)/(-3)*l. What are the prime factors of ((-126)/(-49))/(j/14)?
2, 3
Let w(f) = 10*f**3 - 8*f**2 - 2*f + 1. Let u(k) = -19*k**3 + 15*k**2 + 4*k - 2. Let x(l) = -6*u(l) - 11*w(l). What are the prime factors of x(2)?
3, 7
Let v(z) = -z**3 - 5*z**2 - 2*z + 5. Suppose 5*w = -3*f - 19, 4*w + f + 13 = w. List the prime factors of v(w).
3, 5
Suppose -3*p - 2*p = 695. Let r = p + 99. What are the prime factors of (6/5)/((-6)/r)?
2
Let c = 9 + -2. Let i = c + -7. Suppose -2*b + 18 = 5*k - i, b = -5*k + 14. List the prime factors of k.
2
Let v be (30/9)/((-1)/(-3)). Suppose 2 = -c + v. What are the prime factors of c?
2
Let m be (-2 + -10)/(2/(-17)). Suppose 0 = 4*s - 30 - m. Let z = s + -23. List the prime factors of z.
2, 5
Suppose 0*s + 3 = 3*s. Let u be (-1)/s*50/(-2). Let b = -16 + u. What are the prime factors of b?
3
Suppose 5 = -m + 18. Suppose 5